t - 0*k - k, t + 4*k + 1 = 0. Calculate the remainder when h is divided by t.
10
Suppose 1 = 4*y - 55. Let b = 0 - -1. Calculate the remainder when (1*-27)/(b/(-1)) is divided by y.
13
Suppose 5*n = -2*d + 44, -5*n + 11 = -d + 3. What is the remainder when 46 is divided by d?
10
Let v(i) = -i**3 + 7*i**2 - 5*i + 4. Let c be v(5). Let h be (11/33)/((-1)/39). Let n = c - h. What is the remainder when n is divided by 11?
9
Suppose 7*n = 5*n + 30. What is the remainder when 42 is divided by n?
12
Let q = 18 + -12. Let v(l) = -4*l - 2. What is the remainder when v(-3) is divided by q?
4
Calculate the remainder when 1 - (125/(-5) - 0) is divided by 9.
8
Let u be 0 + 0 + 1 - -1. Let o(z) = 3*z + 7. Let m be o(4). Suppose 0 = u*c - 43 - m. What is the remainder when c is divided by 11?
9
Suppose 0 = -2*o + 36 + 70. Suppose -o = -5*k + 5*g - 13, 2*k + 4 = -3*g. Suppose -s + 50 = 4*s. Calculate the remainder when s is divided by k.
2
Suppose -3*g - w = 1 - 0, 5*w = 3*g + 31. Calculate the remainder when 12*-1*(-40)/12 is divided by g + (-18 + 2)/(-1).
12
Calculate the remainder when 74 - 1*(-2 - -4) is divided by 25.
22
Suppose -2*o + 30 = 4*t, o - t = -2*t + 13. What is the remainder when (2 + -3)*-1 - -31 is divided by o?
10
Suppose -2*g + 4*k + 8 = -10, -100 = -5*g - k. Let z(b) = -b**3 + 7*b**2 + 9*b - 12. Let n be z(8). Let j = n + g. What is the remainder when j is divided by 8?
7
Suppose 0 = -9*c + 91 + 35. Calculate the remainder when 67 is divided by c.
11
Let s be (-4 - -97) + -3 + 2. What is the remainder when s*(-4 - (-57)/12) is divided by 14?
13
Suppose 0 = h - 3*h + 48. Suppose h = x - 0*x. Calculate the remainder when x is divided by 13.
11
Let s be (7 - 4 - -2) + -2. Suppose 0 = 5*m - s*m - 48. Calculate the remainder when 93 is divided by m.
21
Let y(o) = o - 8. Let w be y(5). Let c = w - -19. What is the remainder when 47 is divided by c?
15
Let j(k) = -k + 4. Let b be j(-6). Let q = b - 27. Let t = q + 48. What is the remainder when t is divided by 11?
9
Suppose -s + 22 - 4 = 0. Suppose -x = o - s, -17 = -5*o + 3*x + 41. What is the remainder when o is divided by 8?
6
Suppose 4*j = 8*j - 296. What is the remainder when j is divided by 19?
17
Let n = 77 - 52. Calculate the remainder when n is divided by 7.
4
Let f be -9 + (-2)/1 + 6. Calculate the remainder when 278/6 + f/15 is divided by 12.
10
Let p(f) be the third derivative of -7*f**4/24 - 7*f**3/6 - 3*f**2. What is the remainder when p(-7) is divided by 15?
12
Let x be (4/(-2))/((-8)/(-16)). Let f be (x/(-5))/(2/5). Suppose -31 - 33 = -f*l. What is the remainder when l is divided by 11?
10
Suppose g + 20 = -4*g - 4*c, -3*c = -5*g - 55. Let p be (14/(-4))/(4/g). Let v = 13 + p. Calculate the remainder when v is divided by 11.
9
Let i(f) = -2*f - 6. What is the remainder when 22 is divided by i(-9)?
10
Let p = -13 - -23. What is the remainder when 38 is divided by p?
8
Let o(z) = -4*z**3 + 2*z + 1. What is the remainder when 10 is divided by o(-1)?
1
Suppose 4*i - 66 = 2*i. Calculate the remainder when i is divided by 9.
6
Let b = -34 - -47. Let p(i) = i**3 + 8*i**2 + 5*i + 5. What is the remainder when p(-4) is divided by b?
10
Suppose -2*w + 3 - 1 = 0. What is the remainder when 2 is divided by w?
0
What is the remainder when (-3)/3*-1*94/2 is divided by 25?
22
Suppose 3*y = 0, -u - 4*y + 47 = -7*y. Suppose u + 23 = 5*o + 5*t, 5*t = o - 32. Calculate the remainder when o is divided by 6.
5
Suppose 0 = -3*u + 2*u - 5*h + 8, -2*h + 132 = 5*u. What is the remainder when 54 is divided by u?
26
Let k = -44 + 52. What is the remainder when 19 is divided by k?
3
Let q be ((-2)/2 - 38) + 1. Calculate the remainder when q/3*(-12)/8 is divided by 7.
5
Let v = 14 - 8. Suppose 0 = -4*o + v + 18. Calculate the remainder when 10 is divided by o.
4
Suppose 5*v = -2*l + 52, 2*l - 6*l = 5*v - 44. Calculate the remainder when 46 is divided by v.
10
Let m(g) = -16*g. Let v be m(-1). Suppose -15 = -p - 2*j, 0 = -0*p + 3*p - 4*j - 15. Suppose 0 = 5*b - v - p. Calculate the remainder when 14 is divided by b.
4
Suppose 55*r - 44 = 53*r. What is the remainder when 55 is divided by r?
11
Let w be (1 - -5) + 8/(-4). Let s = -5 - -9. What is the remainder when 24/30*50/w is divided by s?
2
Let r be ((-20)/6)/(4/(-114)). Suppose 13 = -u + r. Let i = u - 48. Calculate the remainder when i is divided by 9.
7
Suppose -1 + 7 = -2*y, 4*l - 5*y - 203 = 0. What is the remainder when l is divided by 12?
11
Suppose -4*f - f + 5 = 0. Let z = -3 - f. What is the remainder when 38 is divided by 53/4 - (-1)/z?
12
Let l = 5 - -2. Calculate the remainder when 11 is divided by l.
4
What is the remainder when 32 is divided by 4 + -5 + 3 + (0 - -4)?
2
Suppose -4*v - v - 40 = 0. Let c(s) = -s**2 - 11*s - 9. Suppose 0 = -0*g - 3*g + 132. Calculate the remainder when g is divided by c(v).
14
Suppose -2*b = 16 - 64. Calculate the remainder when 71 is divided by b.
23
What is the remainder when (-15)/(-6)*2*1 is divided by 2?
1
Suppose -7*v + 4*v + 270 = 0. What is the remainder when v is divided by 19?
14
Let i = 6 - -5. Calculate the remainder when 21 is divided by i.
10
Let w(g) = g**3 + 4*g**2 + 2*g. Calculate the remainder when w(-3) is divided by 1.
0
Suppose 0 = 5*u - 0*u. Suppose -b - 2*r = -2, b + u*r - 2 = -3*r. Suppose h = -5*t + 3, b*t + 0*t - 6 = -h. What is the remainder when 15 is divided by h?
7
Let o(w) = 11*w**2. Calculate the remainder when 18 is divided by o(-1).
7
Let q = 50 - 17. Calculate the remainder when q is divided by 12.
9
Suppose -4*w - 28 = -4*s, 3*s + 4*w + 3 = 10. Let o = 45 - 32. What is the remainder when o is divided by s?
3
Let k(b) = 2*b**2 - 2*b - 2. Let m be k(2). Let d(n) = -3 - 2 + 2*n - m. What is the remainder when d(9) is divided by 6?
5
Let k = 98 - 48. What is the remainder when k is divided by 13?
11
Suppose -3*m + 7 = -11. Calculate the remainder when 13 is divided by 4/m - 13/(-3).
3
Suppose -o + 91 = 32. Calculate the remainder when o is divided by 12.
11
Let o = 41 + 0. What is the remainder when o is divided by 14?
13
Suppose 0 = -2*a + a + 18. Calculate the remainder when a is divided by 5.
3
Let r(w) = 2*w**2 - 7*w + 2. Calculate the remainder when r(5) is divided by 6.
5
Let q = 112 - 75. Calculate the remainder when 73 is divided by q.
36
Let x(l) = -11*l - 19. Calculate the remainder when x(-7) is divided by 20.
18
Let o = -15 + 19. Suppose 59 + 57 = o*i. Let v(w) = -4*w + 2. What is the remainder when i is divided by v(-2)?
9
Let j = 11 + -6. Suppose 0*g = 2*g - 4*p - 44, 155 = j*g + 5*p. Calculate the remainder when g is divided by 15.
13
Suppose -3*v + 48 = -0*v. Let s = 22 - 20. Suppose k = -2*k + s*l + 131, k - 72 = -5*l. Calculate the remainder when k is divided by v.
15
Let f(p) = 9*p**2 - 5*p - 5. What is the remainder when f(-2) is divided by 21?
20
Suppose 8*p - 163 - 37 = 0. What is the remainder when p is divided by 8?
1
Suppose 0 = 3*b - 2*f - 100, 0*b + 139 = 4*b + 3*f. Suppose 0 = r + 5 + 12. Let o = r - -35. What is the remainder when b is divided by o?
16
What is the remainder when 46 is divided by (-8)/(-20) + 290/25?
10
Let p be 3*-1 + (1 - 2). Calculate the remainder when 30*(p/10)/(-1) is divided by 3*3*28/36.
5
Let y(l) = -l + 12. Let z be y(15). Calculate the remainder when 35 is divided by z/(-6) - 17/(-2).
8
Let q(w) = 2*w**2. Let j be q(5). Suppose 0*n + j = 5*n. Calculate the remainder when 29 is divided by n.
9
Let s(d) be the first derivative of 2 + 7/2*d**2 + 2*d - 8/3*d**3 + 1/4*d**4. Calculate the remainder when 3 is divided by s(7).
1
Let a = 2 + 3. Suppose -21 = -4*n + a*c, -3 - 3 = -n + 2*c. Suppose 25 = 4*x - 11. Calculate the remainder when x is divided by n.
1
Let g = 187 + -164. Calculate the remainder when g is divided by 15.
8
Let s be -5*(-1 - (-99)/5). Suppose -12*u = -7*u - 30. What is the remainder when 2/6 + s/(-6) is divided by u?
4
Suppose 3*j = -3*u + 21, 8 + 24 = 5*u + 2*j. Let g = 29 - u. What is the remainder when g is divided by 5?
3
Suppose z - 9 + 1 = 0. Let d = 69 - 48. Calculate the remainder when d is divided by z.
5
Let g(u) = -13*u + 1. Suppose 6*y - y - 25 = 0. Suppose -11 = y*f + 4. What is the remainder when g(f) is divided by 14?
12
Let b(k) = 3*k**2 - 14*k - 16. Let m be b(-12). Calculate the remainder w